
Is 658783 a composite number?
False
Is 13517 composite?
True
Is 69233 composite?
False
Is 214663 a prime number?
True
Is 7499 a prime number?
True
Is 138055 a prime number?
False
Is 14699 composite?
False
Is 43711 prime?
True
Is 2021 a prime number?
False
Is 19319 a prime number?
True
Is 435131 a composite number?
False
Is 20177 a prime number?
True
Is 20161 prime?
True
Is 1217383 a prime number?
False
Is 26305 composite?
True
Is 66029 a prime number?
True
Is 10231 a prime number?
False
Is 8663 a composite number?
False
Is 10033 a prime number?
False
Is 7169 a composite number?
True
Is 10709 composite?
False
Is 218555 a prime number?
False
Is 654635 prime?
False
Is 1626739 a composite number?
False
Is 390457 a prime number?
False
Is 20089 a prime number?
True
Is 3053 prime?
False
Is 64513 a prime number?
True
Is 1691917 prime?
True
Is 42519 prime?
False
Is 102683 composite?
True
Is 740461 composite?
False
Is 300073 composite?
False
Is 33717 composite?
True
Is 1475093 prime?
False
Is 774107 a prime number?
True
Is 56755 prime?
False
Is 4341 composite?
True
Is 756211 prime?
False
Is 37234 composite?
True
Is 213799 composite?
False
Is 32317 composite?
True
Is 136879 prime?
True
Is 4097 prime?
False
Is 14923 a prime number?
True
Is 46133 a composite number?
False
Is 117989 prime?
True
Is 299 a prime number?
False
Is 11957 composite?
True
Is 1213 a prime number?
True
Is 42433 prime?
True
Is 1140631 composite?
True
Is 119057 a prime number?
True
Is 85539 a prime number?
False
Is 641977 a prime number?
False
Is 122179 prime?
False
Is 1055 prime?
False
Is 183797 composite?
False
Is 2371 a prime number?
True
Is 11246 composite?
True
Is 12007 prime?
True
Is 158501 a prime number?
False
Is 675091 composite?
True
Is 42049 a prime number?
False
Is 165037 composite?
False
Is 261281 a prime number?
True
Is 36471 a composite number?
True
Is 707 prime?
False
Is 3295697 a prime number?
False
Is 67 a prime number?
True
Is 89341 prime?
False
Is 1062931 a prime number?
True
Is 2719 prime?
True
Is 164753 prime?
False
Is 452519 a prime number?
True
Is 343709 a prime number?
True
Is 353063 prime?
False
Is 20303 a prime number?
False
Is 117529 prime?
True
Is 31177 composite?
False
Is 19059 composite?
True
Is 223541 composite?
True
Is 315607 prime?
False
Is 138937 composite?
False
Is 27479 a composite number?
False
Is 703381 a composite number?
True
Is 9755 a prime number?
False
Is 10537 prime?
False
Is 38413 composite?
True
Is 37483 prime?
True
Is 3062 a composite number?
True
Is 56081 prime?
True
Is 25867 prime?
True
Is 5077 prime?
True
Is 1987 a prime number?
True
Is 298277 a composite number?
True
Is 1710374 a prime number?
False
Is 1400249 a composite number?
False
Is 1362133 prime?
False
Is 191 a composite number?
False
Is 212959 prime?
False
Is 3601 a composite number?
True
Is 63517 prime?
False
Is 17859 a prime number?
False
Is 1472189 prime?
False
Is 63263 a composite number?
True
Is 162757 a composite number?
True
Is 308533 composite?
True
Is 292603 a prime number?
False
Is 40123 prime?
True
Is 298603 a composite number?
True
Is 2267 a composite number?
False
Is 4881 composite?
True
Is 43231 prime?
False
Is 1783 prime?
True
Is 18983 a composite number?
True
Is 4073 a composite number?
False
Is 79061 composite?
True
Is 4463 prime?
True
Is 232003 prime?
True
Is 4227 prime?
False
Is 194543 a prime number?
True
Is 510529 a composite number?
False
Is 105359 composite?
False
Is 1292663 a prime number?
False
Is 112498 a prime number?
False
Is 7841 a prime number?
True
Is 49783 prime?
True
Is 25523 prime?
True
Is 3100915 a prime number?
False
Is 428153 a composite number?
True
Is 759323 a prime number?
False
Is 52277 composite?
True
Is 481 a prime number?
False
Is 419153 prime?
False
Is 252373 prime?
False
Is 313081 a prime number?
True
Is 191969 a prime number?
True
Is 37159 prime?
True
Is 454199 a composite number?
False
Is 97919 prime?
True
Is 496073 prime?
True
Is 11089 a prime number?
False
Is 40045 composite?
True
Is 341729 composite?
False
Is 10529 a composite number?
False
Is 10579 a composite number?
True
Is 4948727 prime?
False
Is 4189 a prime number?
False
Is 68543 a prime number?
True
Is 235187 a composite number?
True
Is 1402 a composite number?
True
Is 26743 composite?
True
Is 12197 composite?
False
Is 143909 a prime number?
True
Is 1306439 composite?
False
Is 858457 a prime number?
True
Is 778021 a prime number?
False
Is 2819 composite?
False
Is 22759 prime?
False
Is 43867 a prime number?
True
Is 21557 composite?
False
Is 911 composite?
False
Is 1401 composite?
True
Is 21173 prime?
False
Is 962077 prime?
True
Is 3142 a composite number?
True
Is 97987 a prime number?
True
Is 19615 a prime number?
False
Is 557129 a composite number?
True
Is 20141 prime?
False
Is 10559 composite?
False
Is 674281 a prime number?
False
Is 18869 a prime number?
True
Is 209431 a composite number?
False
Is 4391 a prime number?
True
Is 28343 prime?
False
Is 241771 a composite number?
False
Is 424277 prime?
False
Is 27399 a prime number?
False
Is 1960633 a prime number?
False
Is 9166 a prime number?
False
Is 148989 a prime number?
False
Is 781 prime?
False
Is 967531 prime?
False
Is 2179 prime?
True
Is 166381 prime?
False
Is 2127269 a prime number?
True
Is 773021 a prime number?
True
Is 29611 composite?
False
Is 127 a prime number?
True
Is 5207 prime?
False
Is 1014229 a composite number?
False
Is 49097 a composite number?
True
Is 199103 a composite number?
False
Is 111091 prime?
True
Is 4601 composite?
True
Is 12893 prime?
True
Is 9335 composite?
True
Is 265 prime?
False
Is 191899 composite?
False
Is 851 a prime number?
False
Is 198367 a composite number?
True
Is 47189 prime?
True
Is 28486 composite?
True
Is 17855 a prime number?
False
Is 390647 a composite number?
False
Is 111427 a prime number?
True
Is 171077 a composite number?
False
Is 10969 a composite number?
True
Is 1319 composite?
False
Is 156063 composite?
True
Is 22613 composite?
False
Is 11401 a prime number?
False
Is 104613 composite?
True
Is 11678 composite?
True
Is 2839 a prime number?
False
Is 2161327 a prime number?
False
Is 321767 prime?
False
Is 1390449 composite?
True
Is 1069 a prime number?
True
Is 6031 a prime number?
False
Is 45641 a prime number?
True
Is 200117 prime?
True
Is 16901 composite?
False
Is 1630491 composite?
True
Is 263057 a composite number?
True
Is 18973 composite?
False
Is 306941 prime?
True
Is 5049977 a composite number?
False
Is 11351 a prime number?
True
Is 7807 composite?
True
Is 738077 a composite number?
True
Is 36991 prime?
False
Is 2291 a prime number?
False
Is 1586605 prime?
False
Is 66019 prime?
False
Is 88721 prime?
True
Is 147217 composite?
True
Is 104623 prime?
True
Is 40079 a prime number?
False
Is 35191 a composite number?
True
Is 3085 a composite number?
True
Is 1374929 prime?
True
Is 553181 a prime number?
True
Is 8651 composite?
True
Is 97046 a composite number?
True
Is 60637 a composite number?
False
Is 3717497 a composite number?
True
Is 111143 prime?
True
Is 35137 a composite number?
True
Is 3967 a composite number?
False
Is 16279 composite?
True
Is 182579 a prime number?
True
Is 53471 a composite number?
True
Is 7233 a composite number?
True
Is 587 a prime number?
True
Is 64849 prime?
True
Is 22433 a prime number?
True
Is 15259 composite?
False
Is 4922971 prime?
True
Is 20201 prime?
True
Is 1597 a composite number?
False
Is 30767 composite?
True
Is 228469 composite?
False
Is 31397 composite?
False
Is 38543 a composite number?
False
Is 31013 a prime number?
True
Is 116989 composite?
False
Is 6839 a prime number?
False
Is 79481 a prime number?
True
Is 451 composite?
True
Is 955 a composite number?
True
Is 57697 a prime number?
True
Is 1889 a composite number?
False
Is 56843 a composite number?
False
Is 12097 a prime number?
True
Is 601639 a composite number?
True
Is 8081 a prime number?
True
Is 29069 a composite number?
True
Is 93823 prime?
False
Is 4327 a prime number?
True
Is 455783 prime?
True
Is 94607 a prime number?
False
Is 319967 composite?
False
Is 301765 prime?
False
Is 17707 a prime number?
True
Is 580223 a composite number?
True
Is 31469 a prime number?
True
Is 218579 a composite number?
False
Is 74843 prime?
True
Is 35795 prime?
False
Is 1221943 prime?
Fa